{"id":330,"date":"2021-10-04T00:43:30","date_gmt":"2021-10-04T00:43:30","guid":{"rendered":"http:\/\/scorexcompany.com\/?page_id=330"},"modified":"2021-10-15T13:35:33","modified_gmt":"2021-10-15T13:35:33","slug":"modelo-de-aprobacion-para-clientes-nuevos-de-consumo-hipotecario-o-vehiculos","status":"publish","type":"page","link":"https:\/\/scorexcompany.com\/index.php\/modelo-de-aprobacion-para-clientes-nuevos-de-consumo-hipotecario-o-vehiculos\/","title":{"rendered":"MODELO DE APROBACI\u00d3N PARA CLIENTES NUEVOS DE CONSUMO, HIPOTECARIO o VEH\u00cdCULOS"},"content":{"rendered":"\n<div class=\"wp-block-cover alignfull has-nv-site-bg-background-color has-background-dim\" style=\"min-height:320px;aspect-ratio:unset;\"><div class=\"wp-block-cover__inner-container is-layout-flow wp-block-cover-is-layout-flow\">\n<div class=\"wp-block-group\"><div class=\"wp-block-group__inner-container is-layout-flow wp-block-group-is-layout-flow\">\n<div class=\"wp-block-columns are-vertically-aligned-center is-layout-flex wp-container-core-columns-is-layout-9d6595d7 wp-block-columns-is-layout-flex\">\n<div class=\"wp-block-column is-vertically-aligned-center is-layout-flow wp-block-column-is-layout-flow\" style=\"flex-basis:70%\">\n<p class=\"has-neve-text-color-color has-text-color\" style=\"font-size:22px\">Estima la probabilidad que los clientes tengan un mal comportamiento de pago de acuerdo con las definiciones de buenos y malos clientes que tenga la entidad.<\/p>\n<\/div>\n<\/div>\n<\/div><\/div>\n<\/div><\/div>\n\n\n\n<div class=\"wp-block-cover alignfull has-nv-light-bg-background-color has-background-dim\" style=\"min-height:600px;aspect-ratio:unset;\"><div class=\"wp-block-cover__inner-container is-layout-flow wp-block-cover-is-layout-flow\">\n<div class=\"wp-block-group\"><div class=\"wp-block-group__inner-container is-layout-flow wp-block-group-is-layout-flow\">\n<div style=\"height:80px\" aria-hidden=\"true\" class=\"wp-block-spacer\"><\/div>\n\n\n\n<div class=\"wp-block-columns is-layout-flex wp-container-core-columns-is-layout-9d6595d7 wp-block-columns-is-layout-flex\">\n<div class=\"wp-block-column is-layout-flow wp-block-column-is-layout-flow\" style=\"flex-basis:66.79%\">\n<figure class=\"wp-block-image size-large is-resized\"><img loading=\"lazy\" decoding=\"async\" src=\"http:\/\/scorexcompany.com\/wp-content\/uploads\/2021\/10\/Credito-1024x769.jpg\" alt=\"modelo financiero de aprobacion para clientes\" class=\"wp-image-360\" width=\"555\" height=\"392\"\/><\/figure>\n\n\n\n<div style=\"height:40px\" aria-hidden=\"true\" class=\"wp-block-spacer\"><\/div>\n<\/div>\n\n\n\n<div class=\"wp-block-column is-layout-flow wp-block-column-is-layout-flow\" style=\"flex-basis:55%\">\n<p class=\"has-neve-text-color-color has-text-color\">Utiliza toda la informaci\u00f3n que disponga la entidad en cuanto a variables socio-demogr\u00e1ficas del cliente (edad, estado civil, personas a cargo, profesi\u00f3n, tipo de actividad, por ejemplo si es asalariado, independiente, pensionado, etc), y las caracter\u00edsticas del cr\u00e9dito solicitado tales como cuota inicial en cr\u00e9dito de veh\u00edculo o hipotecario, plazo y tipo de amortizaci\u00f3n solicitado, etc.<\/p>\n\n\n\n<div class=\"wp-block-buttons is-layout-flex wp-block-buttons-is-layout-flex\"><\/div>\n\n\n\n<hr class=\"wp-block-separator is-style-wide\"\/>\n<\/div>\n<\/div>\n\n\n\n<div style=\"height:40px\" aria-hidden=\"true\" class=\"wp-block-spacer\"><\/div>\n<\/div><\/div>\n<\/div><\/div>\n\n\n\n<div class=\"wp-block-cover alignfull has-nv-site-bg-background-color has-background-dim\" style=\"min-height:1039px;aspect-ratio:unset;\"><div class=\"wp-block-cover__inner-container is-layout-flow wp-block-cover-is-layout-flow\">\n<div class=\"wp-block-group\"><div class=\"wp-block-group__inner-container is-layout-flow wp-block-group-is-layout-flow\">\n<div style=\"height:80px\" aria-hidden=\"true\" class=\"wp-block-spacer\"><\/div>\n\n\n\n<h2 class=\"has-neve-text-color-color has-text-color wp-block-heading\">OTROS MODELOS<\/h2>\n\n\n\n<div style=\"height:20px\" aria-hidden=\"true\" class=\"wp-block-spacer\"><\/div>\n\n\n\n<div class=\"wp-block-columns are-vertically-aligned-center is-layout-flex wp-container-core-columns-is-layout-9d6595d7 wp-block-columns-is-layout-flex\">\n<div class=\"wp-block-column is-vertically-aligned-center is-layout-flow wp-block-column-is-layout-flow\" style=\"flex-basis:50%\">\n<figure class=\"wp-block-image size-large\"><a href=\"http:\/\/scorexcompany.com\/index.php\/modelo-de-estimacion-de-probabilidad-de-insolvencia\/\"><img loading=\"lazy\" decoding=\"async\" width=\"1024\" height=\"654\" src=\"http:\/\/scorexcompany.com\/wp-content\/uploads\/2021\/10\/Insolvencia-1024x654.jpg\" alt=\"modelo de insolvencia de empresas\" class=\"wp-image-357\" srcset=\"https:\/\/scorexcompany.com\/wp-content\/uploads\/2021\/10\/Insolvencia-1024x654.jpg 1024w, https:\/\/scorexcompany.com\/wp-content\/uploads\/2021\/10\/Insolvencia-300x192.jpg 300w, https:\/\/scorexcompany.com\/wp-content\/uploads\/2021\/10\/Insolvencia-768x491.jpg 768w, https:\/\/scorexcompany.com\/wp-content\/uploads\/2021\/10\/Insolvencia-1536x982.jpg 1536w, https:\/\/scorexcompany.com\/wp-content\/uploads\/2021\/10\/Insolvencia-2048x1309.jpg 2048w\" sizes=\"auto, (max-width: 1024px) 100vw, 1024px\" \/><\/a><\/figure>\n\n\n\n<h3 class=\"wp-block-heading\"><span class=\"has-inline-color has-neve-text-color-color\"><strong><a href=\"http:\/\/scorexcompany.com\/index.php\/modelo-de-estimacion-de-probabilidad-de-insolvencia\/\">MODELO DE ESTIMACI\u00d3N DE PROBABILIDAD DE INSOLVENCIA DE LAS EMPRESAS<\/a><\/strong><\/span><\/h3>\n\n\n\n<div style=\"height:40px\" aria-hidden=\"true\" class=\"wp-block-spacer\"><\/div>\n<\/div>\n\n\n\n<div class=\"wp-block-column is-vertically-aligned-center is-layout-flow wp-block-column-is-layout-flow\" style=\"flex-basis:50%\">\n<figure class=\"wp-block-image size-large\"><a href=\"http:\/\/scorexcompany.com\/index.php\/modelo-scoring-de-cobranza\/\"><img loading=\"lazy\" decoding=\"async\" width=\"1024\" height=\"768\" src=\"http:\/\/scorexcompany.com\/wp-content\/uploads\/2021\/10\/Cobranza-edited-1024x768.jpg\" alt=\"modelo financiero de cobranza\" class=\"wp-image-359\" srcset=\"https:\/\/scorexcompany.com\/wp-content\/uploads\/2021\/10\/Cobranza-edited-1024x768.jpg 1024w, https:\/\/scorexcompany.com\/wp-content\/uploads\/2021\/10\/Cobranza-edited-300x225.jpg 300w, https:\/\/scorexcompany.com\/wp-content\/uploads\/2021\/10\/Cobranza-edited-768x576.jpg 768w, https:\/\/scorexcompany.com\/wp-content\/uploads\/2021\/10\/Cobranza-edited-1536x1153.jpg 1536w, https:\/\/scorexcompany.com\/wp-content\/uploads\/2021\/10\/Cobranza-edited-2048x1537.jpg 2048w\" sizes=\"auto, (max-width: 1024px) 100vw, 1024px\" \/><\/a><\/figure>\n\n\n\n<h3 class=\"wp-block-heading\"><span class=\"has-inline-color has-neve-text-color-color\"><strong><strong><strong><a href=\"http:\/\/scorexcompany.com\/index.php\/modelo-scoring-de-cobranza\/\">MODELO DE SCORING DE COBRANZA<\/a><\/strong><\/strong><\/strong><\/span><\/h3>\n\n\n\n<div style=\"height:40px\" aria-hidden=\"true\" class=\"wp-block-spacer\"><\/div>\n<\/div>\n<\/div>\n\n\n\n<div style=\"height:40px\" aria-hidden=\"true\" class=\"wp-block-spacer\"><\/div>\n<\/div><\/div>\n<\/div><\/div>\n\n\n\n<div class=\"wp-block-cover alignfull has-nv-light-bg-background-color has-background-dim\" style=\"min-height:387px;aspect-ratio:unset;\"><div class=\"wp-block-cover__inner-container is-layout-flow wp-block-cover-is-layout-flow\">\n<h2 class=\"has-text-align-center has-nv-text-dark-bg-color has-text-color wp-block-heading\"><span class=\"has-inline-color has-neve-text-color-color\">Determina el perfil de riesgo f\u00e1cilmente<\/span><\/h2>\n\n\n\n<p class=\"has-text-align-center has-medium-font-size\"><span class=\"has-inline-color has-neve-text-color-color\">Utilizar la informaci\u00f3n hist\u00f3rica de los clientes de cr\u00e9dito es fundamental para el \u00e9xito de las empresas. Determinar el perfil de riesgo de los nuevos solicitantes de cr\u00e9dito le permite a la entidad establecer las debidas condiciones para asumir estos riesgos atendiendo las metas en materia de rentabilidad.<\/span><\/p>\n\n\n\n<div class=\"wp-block-buttons is-layout-flex wp-block-buttons-is-layout-flex\">\n<div class=\"wp-block-button has-custom-width wp-block-button__width-100 is-style-primary\"><a class=\"wp-block-button__link\" href=\"http:\/\/scorexcompany.com\/index.php\/contact-us\/\">CREA TU MODELO AHORA \u2192<\/a><\/div>\n<\/div>\n<\/div><\/div>\n\n\n\n<div class=\"wp-block-group\"><div class=\"wp-block-group__inner-container is-layout-flow wp-block-group-is-layout-flow\"><\/div><\/div>\n\n\n\n<div class=\"wp-block-columns is-layout-flex wp-container-core-columns-is-layout-9d6595d7 wp-block-columns-is-layout-flex\">\n<div class=\"wp-block-column is-vertically-aligned-center is-layout-flow wp-block-column-is-layout-flow\">\n<div class=\"wp-block-buttons is-layout-flex wp-block-buttons-is-layout-flex\"><\/div>\n<\/div>\n<\/div>\n","protected":false},"excerpt":{"rendered":"","protected":false},"author":1,"featured_media":0,"parent":0,"menu_order":0,"comment_status":"closed","ping_status":"closed","template":"","meta":{"om_disable_all_campaigns":false,"_monsterinsights_skip_tracking":false,"_monsterinsights_sitenote_active":false,"_monsterinsights_sitenote_note":"","_monsterinsights_sitenote_category":0,"neve_meta_sidebar":"default","neve_meta_container":"contained","neve_meta_enable_content_width":"on","neve_meta_content_width":100,"neve_meta_title_alignment":"","neve_meta_author_avatar":"","neve_post_elements_order":"","neve_meta_disable_header":"","neve_meta_disable_footer":"","neve_meta_disable_title":"","_ti_tpc_template_sync":false,"_ti_tpc_template_id":"","footnotes":""},"class_list":["post-330","page","type-page","status-publish","hentry"],"aioseo_notices":[],"_links":{"self":[{"href":"https:\/\/scorexcompany.com\/index.php\/wp-json\/wp\/v2\/pages\/330","targetHints":{"allow":["GET"]}}],"collection":[{"href":"https:\/\/scorexcompany.com\/index.php\/wp-json\/wp\/v2\/pages"}],"about":[{"href":"https:\/\/scorexcompany.com\/index.php\/wp-json\/wp\/v2\/types\/page"}],"author":[{"embeddable":true,"href":"https:\/\/scorexcompany.com\/index.php\/wp-json\/wp\/v2\/users\/1"}],"replies":[{"embeddable":true,"href":"https:\/\/scorexcompany.com\/index.php\/wp-json\/wp\/v2\/comments?post=330"}],"version-history":[{"count":15,"href":"https:\/\/scorexcompany.com\/index.php\/wp-json\/wp\/v2\/pages\/330\/revisions"}],"predecessor-version":[{"id":454,"href":"https:\/\/scorexcompany.com\/index.php\/wp-json\/wp\/v2\/pages\/330\/revisions\/454"}],"wp:attachment":[{"href":"https:\/\/scorexcompany.com\/index.php\/wp-json\/wp\/v2\/media?parent=330"}],"curies":[{"name":"wp","href":"https:\/\/api.w.org\/{rel}","templated":true}]}}